. List the prime factors of g.
5, 13
Let g(n) = -n + 4. Let v be g(9). Suppose 4*k = 4*j + k + 25, 0 = 4*k + 20. List the prime factors of (-33)/v + (-4)/j.
7
Suppose -m + 20 = 3*m. Let h = 3 + m. What are the prime factors of h?
2
Suppose 4*r + 344 = 2*m + 114, 4*m = -3*r + 405. What are the prime factors of m?
3, 5, 7
Let p(x) = 5*x - 45*x - 9*x + 5*x. Let n be p(-1). List the prime factors of (5/10)/(2/n).
11
Suppose 0 = -2*j + 4, 0*j - 3*j = -5*v + 704. What are the prime factors of v?
2, 71
Let y be 204/20 - (-2)/(-10). Suppose -5*s = -y*s - 20. List the prime factors of (14/s)/(2/(-4)).
7
Let b(y) = -y**3 + 17*y**2 + 3. Let x be b(17). Let m = 108 - 75. Suppose x*p + m = 3*v, -15 = -v + 2*p - 6. What are the prime factors of v?
13
Let r(q) = -1. Let i(x) = 2*x - 4. Let v(a) = 2*i(a) - 4*r(a). What are the prime factors of v(9)?
2
Let q(k) = 3*k + 1. Let u be (-3 - -7)*(-5)/(-4). Let w(d) = -6*d - 1. Let s(h) = u*q(h) + 3*w(h). List the prime factors of s(-3).
11
Let d(v) be the third derivative of -v**6/60 - v**5/30 - 5*v**4/24 - 2*v**3/3 + 2*v**2. Let g be d(-3). Let u = g + -26. List the prime factors of u.
3, 7
What are the prime factors of -2*(4 + 276/(-8))?
61
Let v(z) = -z**2 - 10*z + 15. Let p be v(-11). Suppose -4 - p = -2*c. Suppose c*b + 20 = 0, 4*s - 45 = 3*b + 14. List the prime factors of s.
11
Suppose 115 = u - 3*o - 9, 0 = 3*u + 5*o - 414. What are the prime factors of u?
7, 19
What are the prime factors of (-4)/(4 + 0) + 132?
131
Suppose 4*w - 12 + 0 = 0. Suppose -26 - 7 = -3*l. Suppose j = w + l. List the prime factors of j.
2, 7
List the prime factors of (4/2 - -3)*3.
3, 5
Let l(x) = x**3 - 31*x**2 + 33*x**2 - 2 + 0*x**3. What are the prime factors of l(2)?
2, 7
Suppose 2*s - 4*s + 352 = 0. Suppose s = 6*y - 70. List the prime factors of y.
41
Let k = 291 - 54. List the prime factors of k.
3, 79
Suppose 16 = -3*p + 7*p. Suppose 5*l - 110 = -c, -p*l + 2*c = -28 - 60. What are the prime factors of l?
2, 11
Let k be 35/(-14)*4/(-5). Suppose 90 = -g + 4*g. Suppose -g = -3*t - k*t. What are the prime factors of t?
2, 3
Let n be 9 - (-2)/((-4)/6). Suppose n = d + 3. What are the prime factors of d?
3
Let t = -10 + 0. List the prime factors of ((-96)/10)/(3/t).
2
Suppose 5*z = -5*f + 175, 117 = z + 2*z - f. What are the prime factors of z?
2, 19
What are the prime factors of 12/14*(-3 + 10)?
2, 3
Suppose -3*a - 1 = 8. Let v(k) = k + 5. What are the prime factors of v(a)?
2
Suppose -30 = -4*v - 2*f, -4*f - 3 = v - 0*f. Suppose v + 10 = -x. What are the prime factors of 3*x/(-3) + 3?
2, 11
Let x = 23 - 8. Suppose -3*s + 4*s - x = 0. Suppose 0 = -2*i + 3*w + w + 6, s = 2*i - w. What are the prime factors of i?
3
Suppose -3*o = o - 116. Suppose 5 = s - o. What are the prime factors of s?
2, 17
Suppose h + h + 84 = -5*i, -5*i = 5*h + 75. Suppose 20 = -8*z - 28. Let b = z - i. What are the prime factors of b?
2, 3
Let s(f) = f - 1. Let v be s(4). Suppose -3 = -i + v*c + 4, 79 = 4*i + 5*c. What are the prime factors of i?
2
Suppose 4*t + 6 = t. What are the prime factors of 2*(t - (-15)/2)?
11
What are the prime factors of (48 - -8)*2/(-12)*-3?
2, 7
Let j(p) = -p**3 - 7*p**2 - 3*p - 4. Let r be j(-5). Let u = -13 - r. List the prime factors of u.
2, 13
Suppose -3*k = -k, -25 = -5*a + 5*k. Suppose -3*h + 2*h = -30. List the prime factors of h*(12/a + -2).
2, 3
Let t be 13/4 - 1/4. Suppose 3*k - 2*k - 12 = -l, -t*l + 3*k + 30 = 0. What are the prime factors of l?
11
Let q(j) be the third derivative of -j**6/120 - j**5/10 - j**4/4 - j**3/2 + 2*j**2. List the prime factors of q(-5).
2
Suppose 13 = -3*z + 2*z. Let i = -8 - z. Suppose 9*c - i*c - 76 = 0. List the prime factors of c.
19
Let b = 83 - -76. List the prime factors of b.
3, 53
Let w = -2 - -2. Let k = w - -2. List the prime factors of k.
2
Let p = -1 + 7. List the prime factors of ((-2)/2)/((-3)/p).
2
Suppose -a - 8 = 2. Let t = -5 - a. What are the prime factors of t?
5
Let q = 12 - -6. Suppose 0 = 2*o - 12 - q. What are the prime factors of o?
3, 5
Suppose -d - 4*g = 9 - 3, g = -4*d + 6. Suppose -16 = -d*c + 2*w, 2*c + 12 = c - 4*w. List the prime factors of c.
2
Let d(z) = z - 2. Let l be d(12). Suppose l = m + m. What are the prime factors of m?
5
Let o(d) = 4*d**2 + 6*d - 1. What are the prime factors of o(-6)?
107
Suppose -2*u - 4*j = -46, 35 = -5*u + 3*j + 137. What are the prime factors of u?
3, 7
Suppose -2*c + 0*c = 3*z - 163, z + c - 54 = 0. What are the prime factors of z?
5, 11
Suppose -5*b - 4*s = -633, -6*s = 5*b - s - 635. What are the prime factors of b?
5
Let g = 52 + 123. List the prime factors of g.
5, 7
Suppose 10*h = 669 + 31. List the prime factors of h.
2, 5, 7
Let m(p) = 31*p**2. Let d be m(-2). Suppose -5*b + d = -b. Suppose -1 + b = 5*u. What are the prime factors of u?
2, 3
Let d = -23 + 31. List the prime factors of d.
2
Suppose -2*n - 2*n - 23 = -3*m, 30 = 4*m - 5*n. Suppose -2*l = -m*l + 42. What are the prime factors of l?
2, 7
Let s be -3*(-1)/(-1 + 2). Suppose -7*q - 11 = 24. Let p = s - q. What are the prime factors of p?
2
Suppose 2*b + 326 = 5*o - 293, 375 = 3*o - 3*b. What are the prime factors of o?
3, 41
Suppose 4*o = 9*o - 290. What are the prime factors of o?
2, 29
Suppose 80 = 3*i + 2*i + 2*t, -3*i - 5*t + 67 = 0. What are the prime factors of -1 + (i - -1) + -2?
2, 3
Suppose -w + 4*w - 39 = 0. List the prime factors of w.
13
Let k(r) be the third derivative of -r**6/120 + r**5/12 - r**4/24 - r**3/6 + 2*r**2. List the prime factors of k(3).
2, 7
Let f = -6 - -10. Let s be (15/6)/(1/f). Suppose 2*z - s + 4 = 0. What are the prime factors of z?
3
Let v = 7 + -11. Let z = -4 - v. Suppose z = -3*h + 6 - 0. List the prime factors of h.
2
Let h(z) = -z**3 + 8*z**2 - 8*z + 3. Let o be h(6). List the prime factors of -2 - (-9)/(o/156).
2, 5
Let t(p) = p**2 - 4*p - 4. Let x be t(7). Let l = x + -9. What are the prime factors of l?
2
Suppose 0 = u - 5*w - 365, -u - 2*u + 2*w + 1082 = 0. List the prime factors of u.
2, 3, 5
Let f(n) = -n + 11. Let v be f(8). Suppose v*t = 7 + 8, 5*u + 2*t - 220 = 0. What are the prime factors of u?
2, 3, 7
Suppose -3*h + 2*u = 65, 3*h + 2*u = -0*h - 61. Let b = -19 - h. What are the prime factors of b?
2
Let w(g) = -1 + g**3 + 5*g**2 + 0 + 4. Let r be w(-5). Let p(k) = -k**3 + 3*k**2 + 3*k + 4. List the prime factors of p(r).
13
Suppose m + 4 = 5*m, -3*w + 2*m + 67 = 0. List the prime factors of w.
23
Suppose 0 = g - 3*h + 39 - 11, 6 = 3*h. Let t = g + 44. List the prime factors of t.
2, 11
What are the prime factors of (17 + 0)*(-5)/(-5)?
17
Let c(m) = m - 2*m**2 - 2*m + 3*m**2 - 4. Let h be -12*(1 + (-16)/12). What are the prime factors of c(h)?
2
Let j be 3/(-3) - 4/(-2). Let k(g) = 0*g**2 - g + g**3 + 5 - 2 + 3*g**2 - j. What are the prime factors of k(-3)?
5
Let s(i) be the first derivative of -2*i**2 + 1. List the prime factors of s(-3).
2, 3
Let s = -15 - -13. Suppose 5*f - 5*n - 42 = 2*f, 5*n + 15 = 0. Let z = f + s. What are the prime factors of z?
7
Let t be (-4 - 0)/(4/(-2)). Suppose -t = 2*c - c. What are the prime factors of (c - -1) + -1 + 10?
2
Suppose -2*g - 5 + 7 = 0. Let r be (0 + 2 - g) + 3. Suppose -5*l + 0*p + 87 = r*p, -4*l + 2*p + 54 = 0. List the prime factors of l.
3, 5
Let w = -1 - -1. Suppose -4*q + q - 5*d + 40 = w, -2 = -q + 4*d. List the prime factors of (-20)/6*(-12)/q.
2
Suppose 4*c - r = r + 22, -3*r - 21 = -2*c. Suppose 0*y = -5*x + 4*y - 3, -5*x = c*y - 11. Let l(d) = 21*d**3 + d**2 - 2*d + 1. List the prime factors of l(x).
3, 7
Let b(x) = -x**2 + 7*x - 5. Let f be (1 + 1)*(-3)/(-6). Let o be -1 + f - -6 - 1. List the prime factors of b(o).
5
Let l be -1 + 1 + 5 - 2. Suppose l*k = 3*q - 15, -4*q = 2*k - 21 - 29. What are the prime factors of (-1 + q)*(-1)/(-3)?
3
Suppose 95 = 2*h - 123. List the prime factors of h.
109
Suppose -1 - 5 = 2*p. Let h be (-10)/(-6) - p/9. Suppose -28 = -4*f + h*u + 18, 2*f - 14 = -2*u. List the prime factors of f.
2, 5
Let p(y) = y**3 + 11*y**2 + 12*y - 8. What are the prime factors of p(-6)?
2, 5
Let z(u) = 2*u**2 + 2*u + 2*u**2 - 3*u**2 + 2. List the prime factors of z(-2).
2
Let i = -35 - -55. List the prime factors of i.
2, 5
Suppose 10 = a - 2*a. Suppose -5*t = -4*u - 1, 4*u - 5*t + 7 = -2*t. List the prime factors of u/4 + a/(-2).
2
Suppos